{"id":10885,"date":"2014-10-11T14:59:15","date_gmt":"2014-10-11T14:59:15","guid":{"rendered":"http:\/\/avada.theme-fusion.com_demos\/portfolio\/?page_id=10885"},"modified":"2017-07-31T09:36:12","modified_gmt":"2017-07-31T09:36:12","slug":"our-work","status":"publish","type":"page","link":"https:\/\/kazanci.com.tr\/?page_id=10885","title":{"rendered":"\u00dcr\u00fcnlerimiz"},"content":{"rendered":"<div class=\"fusion-fullwidth fullwidth-box fusion-builder-row-1 hundred-percent-fullwidth non-hundred-percent-height-scrolling\" style=\"background-color: #ffffff;background-position: left top;background-repeat: no-repeat;padding-top:0px;padding-right:0px;padding-bottom:0px;padding-left:0px;margin-bottom: -82px;margin-top: 0px;border-width: 0px 0px 0px 0px;border-color:#eae9e9;border-style:solid;\" ><div class=\"fusion-builder-row fusion-row\"><div class=\"fusion-layout-column fusion_builder_column fusion-builder-column-0 fusion_builder_column_1_1 1_1 fusion-one-full fusion-column-first fusion-column-last fusion-column-no-min-height\" style=\"margin-top:0px;margin-bottom:0px;\"><div class=\"fusion-column-wrapper fusion-flex-column-wrapper-legacy\" style=\"background-position:left top;background-repeat:no-repeat;-webkit-background-size:cover;-moz-background-size:cover;-o-background-size:cover;background-size:cover;padding: 0px 0px 0px 0px;\"><div class=\"fusion-recent-works fusion-portfolio-element fusion-portfolio fusion-portfolio-1 fusion-portfolio-grid fusion-portfolio-paging-none fusion-portfolio-three fusion-portfolio-no_text fusion-portfolio-rollover\" data-id=\"-rw-1\" data-columns=\"three\"><style type=\"text\/css\">.fusion-portfolio-1 .fusion-portfolio-wrapper .fusion-col-spacing{padding:0px;}<\/style><div class=\"fusion-portfolio-wrapper\" id=\"fusion-portfolio-1\" data-picturesize=\"auto\" data-pages=\"1\" style=\"margin:-0px;\"><article id=\"portfolio-1-post-12451\" class=\"fusion-portfolio-post branding graphic-design mobile wordpress-2 fusion-col-spacing post-12451\"><div class=\"fusion-portfolio-content-wrapper\" style=\"border:none;\"><span class=\"entry-title rich-snippet-hidden\">Tras Commodo Ets<\/span><span class=\"vcard rich-snippet-hidden\"><span class=\"fn\"><a href=\"https:\/\/kazanci.com.tr\/?author=1\" title=\"wpadmin taraf\u0131ndan yaz\u0131lan yaz\u0131lar\" rel=\"author\">wpadmin<\/a><\/span><\/span><span class=\"updated rich-snippet-hidden\">2014-09-10T18:34:46+00:00<\/span><div  class=\"fusion-image-wrapper\" aria-haspopup=\"true\">\n\t\t\t\t  <img decoding=\"async\" width=\"1170\" height=\"700\" src=\"https:\/\/kazanci.com.tr\/wp-content\/uploads\/2014\/09\/papers_1.jpg\" class=\"attachment-full size-full wp-post-image\" alt=\"\" \/><div class=\"fusion-rollover\">\n\t<div class=\"fusion-rollover-content\">\n\n\t\t\t\t\t\t\t\t\t\t\t\t\t\t<a class=\"fusion-rollover-link\" href=\"https:\/\/kazanci.com.tr\/?avada_portfolio=tras-commodo-ets\">Tras Commodo Ets<\/a>\n\t\t\t\n\t\t\t\t\t\t\t\t\t\t\t\t\t\t\n\t\t\t\t\t\t\t\t\n\t\t\t\t\t\t\t\t\t\t\t\t\t<div class=\"fusion-rollover-sep\"><\/div>\n\t\t\t\t\n\t\t\t\t\t\t\t\t\t\t\t\t\t\t\t\t\t\t<a class=\"fusion-rollover-gallery\" href=\"https:\/\/kazanci.com.tr\/wp-content\/uploads\/2014\/09\/papers_1.jpg\" data-id=\"12451\" data-rel=\"iLightbox[gallery-rw-1]\" data-title=\"papers_1\" data-caption=\"\">\n\t\t\t\t\t\tGallery\t\t\t\t\t<\/a>\n\t\t\t\t\t\t\t\t\t\t\t\t\t\t\n\t\t\n\t\t\t\t\t\t\t\t\t\t\t\t<h4 class=\"fusion-rollover-title\">\n\t\t\t\t\t<a class=\"fusion-rollover-title-link\" href=\"https:\/\/kazanci.com.tr\/?avada_portfolio=tras-commodo-ets\">\n\t\t\t\t\t\tTras Commodo Ets\t\t\t\t\t<\/a>\n\t\t\t\t<\/h4>\n\t\t\t\n\t\t\t\t\t\t\t\t\t\t<div class=\"fusion-rollover-categories\"><a href=\"https:\/\/kazanci.com.tr\/?portfolio_category=branding\" rel=\"tag\">Branding<\/a>, <a href=\"https:\/\/kazanci.com.tr\/?portfolio_category=graphic-design\" rel=\"tag\">Design<\/a>, <a href=\"https:\/\/kazanci.com.tr\/?portfolio_category=mobile\" rel=\"tag\">Mobile<\/a>, <a href=\"https:\/\/kazanci.com.tr\/?portfolio_category=wordpress-2\" rel=\"tag\">WordPress<\/a><\/div>\t\t\t\t\t\n\t\t\n\t\t\t\t\t\t<a class=\"fusion-link-wrapper\" href=\"https:\/\/kazanci.com.tr\/?avada_portfolio=tras-commodo-ets\" aria-label=\"Tras Commodo Ets\"><\/a>\n\t<\/div>\n<\/div>\n<\/div>\n<\/div><\/article><article id=\"portfolio-1-post-10845\" class=\"fusion-portfolio-post graphic-design mobile wordpress-2 fusion-col-spacing post-10845\"><div class=\"fusion-portfolio-content-wrapper\" style=\"border:none;\"><span class=\"entry-title rich-snippet-hidden\">Class Et Aptent<\/span><span class=\"vcard rich-snippet-hidden\"><span class=\"fn\"><a href=\"https:\/\/kazanci.com.tr\/?author=1\" title=\"wpadmin taraf\u0131ndan yaz\u0131lan yaz\u0131lar\" rel=\"author\">wpadmin<\/a><\/span><\/span><span class=\"updated rich-snippet-hidden\">2014-09-10T18:34:42+00:00<\/span><div  class=\"fusion-image-wrapper\" aria-haspopup=\"true\">\n\t\t\t\t  <img decoding=\"async\" width=\"1170\" height=\"700\" src=\"https:\/\/kazanci.com.tr\/wp-content\/uploads\/2014\/09\/macbook_1.jpg\" class=\"attachment-full size-full wp-post-image\" alt=\"\" \/><div class=\"fusion-rollover\">\n\t<div class=\"fusion-rollover-content\">\n\n\t\t\t\t\t\t\t\t\t\t\t\t\t\t<a class=\"fusion-rollover-link\" href=\"https:\/\/kazanci.com.tr\/?avada_portfolio=class-et-aptent\">Class Et Aptent<\/a>\n\t\t\t\n\t\t\t\t\t\t\t\t\t\t\t\t\t\t\n\t\t\t\t\t\t\t\t\n\t\t\t\t\t\t\t\t\t\t\t\t\t<div class=\"fusion-rollover-sep\"><\/div>\n\t\t\t\t\n\t\t\t\t\t\t\t\t\t\t\t\t\t\t\t\t\t\t<a class=\"fusion-rollover-gallery\" href=\"https:\/\/kazanci.com.tr\/wp-content\/uploads\/2014\/09\/macbook_1.jpg\" data-id=\"10845\" data-rel=\"iLightbox[gallery-rw-1]\" data-title=\"macbook_1\" data-caption=\"\">\n\t\t\t\t\t\tGallery\t\t\t\t\t<\/a>\n\t\t\t\t\t\t\t\t\t\t\t\t\t\t\n\t\t\n\t\t\t\t\t\t\t\t\t\t\t\t<h4 class=\"fusion-rollover-title\">\n\t\t\t\t\t<a class=\"fusion-rollover-title-link\" href=\"https:\/\/kazanci.com.tr\/?avada_portfolio=class-et-aptent\">\n\t\t\t\t\t\tClass Et Aptent\t\t\t\t\t<\/a>\n\t\t\t\t<\/h4>\n\t\t\t\n\t\t\t\t\t\t\t\t\t\t<div class=\"fusion-rollover-categories\"><a href=\"https:\/\/kazanci.com.tr\/?portfolio_category=graphic-design\" rel=\"tag\">Design<\/a>, <a href=\"https:\/\/kazanci.com.tr\/?portfolio_category=mobile\" rel=\"tag\">Mobile<\/a>, <a href=\"https:\/\/kazanci.com.tr\/?portfolio_category=wordpress-2\" rel=\"tag\">WordPress<\/a><\/div>\t\t\t\t\t\n\t\t\n\t\t\t\t\t\t<a class=\"fusion-link-wrapper\" href=\"https:\/\/kazanci.com.tr\/?avada_portfolio=class-et-aptent\" aria-label=\"Class Et Aptent\"><\/a>\n\t<\/div>\n<\/div>\n<\/div>\n<\/div><\/article><article id=\"portfolio-1-post-10847\" class=\"fusion-portfolio-post branding graphic-design fusion-col-spacing post-10847\"><div class=\"fusion-portfolio-content-wrapper\" style=\"border:none;\"><span class=\"entry-title rich-snippet-hidden\">Iaculis Eu Gigni<\/span><span class=\"vcard rich-snippet-hidden\"><span class=\"fn\"><a href=\"https:\/\/kazanci.com.tr\/?author=1\" title=\"wpadmin taraf\u0131ndan yaz\u0131lan yaz\u0131lar\" rel=\"author\">wpadmin<\/a><\/span><\/span><span class=\"updated rich-snippet-hidden\">2014-09-10T18:34:40+00:00<\/span><div  class=\"fusion-image-wrapper\" aria-haspopup=\"true\">\n\t\t\t\t  <img decoding=\"async\" width=\"1170\" height=\"700\" src=\"https:\/\/kazanci.com.tr\/wp-content\/uploads\/2014\/09\/tshirt.jpg\" class=\"attachment-full size-full wp-post-image\" alt=\"\" \/><div class=\"fusion-rollover\">\n\t<div class=\"fusion-rollover-content\">\n\n\t\t\t\t\t\t\t\t\t\t\t\t\t\t<a class=\"fusion-rollover-link\" href=\"https:\/\/kazanci.com.tr\/?avada_portfolio=iaculis-eu-gigni\">Iaculis Eu Gigni<\/a>\n\t\t\t\n\t\t\t\t\t\t\t\t\t\t\t\t\t\t\n\t\t\t\t\t\t\t\t\n\t\t\t\t\t\t\t\t\t\t\t\t\t<div class=\"fusion-rollover-sep\"><\/div>\n\t\t\t\t\n\t\t\t\t\t\t\t\t\t\t\t\t\t\t\t\t\t\t<a class=\"fusion-rollover-gallery\" href=\"https:\/\/kazanci.com.tr\/wp-content\/uploads\/2014\/09\/tshirt.jpg\" data-id=\"10847\" data-rel=\"iLightbox[gallery-rw-1]\" data-title=\"tshirt\" data-caption=\"\">\n\t\t\t\t\t\tGallery\t\t\t\t\t<\/a>\n\t\t\t\t\t\t\t\t\t\t\t\t\t\t\n\t\t\n\t\t\t\t\t\t\t\t\t\t\t\t<h4 class=\"fusion-rollover-title\">\n\t\t\t\t\t<a class=\"fusion-rollover-title-link\" href=\"https:\/\/kazanci.com.tr\/?avada_portfolio=iaculis-eu-gigni\">\n\t\t\t\t\t\tIaculis Eu Gigni\t\t\t\t\t<\/a>\n\t\t\t\t<\/h4>\n\t\t\t\n\t\t\t\t\t\t\t\t\t\t<div class=\"fusion-rollover-categories\"><a href=\"https:\/\/kazanci.com.tr\/?portfolio_category=branding\" rel=\"tag\">Branding<\/a>, <a href=\"https:\/\/kazanci.com.tr\/?portfolio_category=graphic-design\" rel=\"tag\">Design<\/a><\/div>\t\t\t\t\t\n\t\t\n\t\t\t\t\t\t<a class=\"fusion-link-wrapper\" href=\"https:\/\/kazanci.com.tr\/?avada_portfolio=iaculis-eu-gigni\" aria-label=\"Iaculis Eu Gigni\"><\/a>\n\t<\/div>\n<\/div>\n<\/div>\n<\/div><\/article><article id=\"portfolio-1-post-10850\" class=\"fusion-portfolio-post branding graphic-design mobile wordpress-2 fusion-col-spacing post-10850\"><div class=\"fusion-portfolio-content-wrapper\" style=\"border:none;\"><span class=\"entry-title rich-snippet-hidden\">Donec Magna Velit<\/span><span class=\"vcard rich-snippet-hidden\"><span class=\"fn\"><a href=\"https:\/\/kazanci.com.tr\/?author=1\" title=\"wpadmin taraf\u0131ndan yaz\u0131lan yaz\u0131lar\" rel=\"author\">wpadmin<\/a><\/span><\/span><span class=\"updated rich-snippet-hidden\">2014-09-10T18:34:38+00:00<\/span><div  class=\"fusion-image-wrapper\" aria-haspopup=\"true\">\n\t\t\t\t  <img decoding=\"async\" width=\"1170\" height=\"700\" src=\"https:\/\/kazanci.com.tr\/wp-content\/uploads\/2014\/09\/icon.jpg\" class=\"attachment-full size-full wp-post-image\" alt=\"\" \/><div class=\"fusion-rollover\">\n\t<div class=\"fusion-rollover-content\">\n\n\t\t\t\t\t\t\t\t\t\t\t\t\t\t<a class=\"fusion-rollover-link\" href=\"https:\/\/kazanci.com.tr\/?avada_portfolio=donec-magna-velit\">Donec Magna Velit<\/a>\n\t\t\t\n\t\t\t\t\t\t\t\t\t\t\t\t\t\t\n\t\t\t\t\t\t\t\t\n\t\t\t\t\t\t\t\t\t\t\t\t\t<div class=\"fusion-rollover-sep\"><\/div>\n\t\t\t\t\n\t\t\t\t\t\t\t\t\t\t\t\t\t\t\t\t\t\t<a class=\"fusion-rollover-gallery\" href=\"https:\/\/kazanci.com.tr\/wp-content\/uploads\/2014\/09\/icon.jpg\" data-id=\"10850\" data-rel=\"iLightbox[gallery-rw-1]\" data-title=\"icon\" data-caption=\"\">\n\t\t\t\t\t\tGallery\t\t\t\t\t<\/a>\n\t\t\t\t\t\t\t\t\t\t\t\t\t\t\n\t\t\n\t\t\t\t\t\t\t\t\t\t\t\t<h4 class=\"fusion-rollover-title\">\n\t\t\t\t\t<a class=\"fusion-rollover-title-link\" href=\"https:\/\/kazanci.com.tr\/?avada_portfolio=donec-magna-velit\">\n\t\t\t\t\t\tDonec Magna Velit\t\t\t\t\t<\/a>\n\t\t\t\t<\/h4>\n\t\t\t\n\t\t\t\t\t\t\t\t\t\t<div class=\"fusion-rollover-categories\"><a href=\"https:\/\/kazanci.com.tr\/?portfolio_category=branding\" rel=\"tag\">Branding<\/a>, <a href=\"https:\/\/kazanci.com.tr\/?portfolio_category=graphic-design\" rel=\"tag\">Design<\/a>, <a href=\"https:\/\/kazanci.com.tr\/?portfolio_category=mobile\" rel=\"tag\">Mobile<\/a>, <a href=\"https:\/\/kazanci.com.tr\/?portfolio_category=wordpress-2\" rel=\"tag\">WordPress<\/a><\/div>\t\t\t\t\t\n\t\t\n\t\t\t\t\t\t<a class=\"fusion-link-wrapper\" href=\"https:\/\/kazanci.com.tr\/?avada_portfolio=donec-magna-velit\" aria-label=\"Donec Magna Velit\"><\/a>\n\t<\/div>\n<\/div>\n<\/div>\n<\/div><\/article><article id=\"portfolio-1-post-10853\" class=\"fusion-portfolio-post branding graphic-design wordpress-2 fusion-col-spacing post-10853\"><div class=\"fusion-portfolio-content-wrapper\" style=\"border:none;\"><span class=\"entry-title rich-snippet-hidden\">Varius Lectus Ulla<\/span><span class=\"vcard rich-snippet-hidden\"><span class=\"fn\"><a href=\"https:\/\/kazanci.com.tr\/?author=1\" title=\"wpadmin taraf\u0131ndan yaz\u0131lan yaz\u0131lar\" rel=\"author\">wpadmin<\/a><\/span><\/span><span class=\"updated rich-snippet-hidden\">2014-09-10T18:34:36+00:00<\/span><div  class=\"fusion-image-wrapper\" aria-haspopup=\"true\">\n\t\t\t\t  <img decoding=\"async\" width=\"1170\" height=\"700\" src=\"https:\/\/kazanci.com.tr\/wp-content\/uploads\/2014\/09\/ad_1.jpg\" class=\"attachment-full size-full wp-post-image\" alt=\"\" \/><div class=\"fusion-rollover\">\n\t<div class=\"fusion-rollover-content\">\n\n\t\t\t\t\t\t\t\t\t\t\t\t\t\t<a class=\"fusion-rollover-link\" href=\"https:\/\/kazanci.com.tr\/?avada_portfolio=varius-lectus-ulla\">Varius Lectus Ulla<\/a>\n\t\t\t\n\t\t\t\t\t\t\t\t\t\t\t\t\t\t\n\t\t\t\t\t\t\t\t\n\t\t\t\t\t\t\t\t\t\t\t\t\t<div class=\"fusion-rollover-sep\"><\/div>\n\t\t\t\t\n\t\t\t\t\t\t\t\t\t\t\t\t\t\t\t\t\t\t<a class=\"fusion-rollover-gallery\" href=\"https:\/\/kazanci.com.tr\/wp-content\/uploads\/2014\/09\/ad_1.jpg\" data-id=\"10853\" data-rel=\"iLightbox[gallery-rw-1]\" data-title=\"ad_1\" data-caption=\"\">\n\t\t\t\t\t\tGallery\t\t\t\t\t<\/a>\n\t\t\t\t\t\t\t\t\t\t\t\t\t\t\n\t\t\n\t\t\t\t\t\t\t\t\t\t\t\t<h4 class=\"fusion-rollover-title\">\n\t\t\t\t\t<a class=\"fusion-rollover-title-link\" href=\"https:\/\/kazanci.com.tr\/?avada_portfolio=varius-lectus-ulla\">\n\t\t\t\t\t\tVarius Lectus Ulla\t\t\t\t\t<\/a>\n\t\t\t\t<\/h4>\n\t\t\t\n\t\t\t\t\t\t\t\t\t\t<div class=\"fusion-rollover-categories\"><a href=\"https:\/\/kazanci.com.tr\/?portfolio_category=branding\" rel=\"tag\">Branding<\/a>, <a href=\"https:\/\/kazanci.com.tr\/?portfolio_category=graphic-design\" rel=\"tag\">Design<\/a>, <a href=\"https:\/\/kazanci.com.tr\/?portfolio_category=wordpress-2\" rel=\"tag\">WordPress<\/a><\/div>\t\t\t\t\t\n\t\t\n\t\t\t\t\t\t<a class=\"fusion-link-wrapper\" href=\"https:\/\/kazanci.com.tr\/?avada_portfolio=varius-lectus-ulla\" aria-label=\"Varius Lectus Ulla\"><\/a>\n\t<\/div>\n<\/div>\n<\/div>\n<\/div><\/article><article id=\"portfolio-1-post-10855\" class=\"fusion-portfolio-post branding graphic-design mobile fusion-col-spacing post-10855\"><div class=\"fusion-portfolio-content-wrapper\" style=\"border:none;\"><span class=\"entry-title rich-snippet-hidden\">Duis Imperdiet Malis<\/span><span class=\"vcard rich-snippet-hidden\"><span class=\"fn\"><a href=\"https:\/\/kazanci.com.tr\/?author=1\" title=\"wpadmin taraf\u0131ndan yaz\u0131lan yaz\u0131lar\" rel=\"author\">wpadmin<\/a><\/span><\/span><span class=\"updated rich-snippet-hidden\">2014-09-10T18:34:34+00:00<\/span><div  class=\"fusion-image-wrapper\" aria-haspopup=\"true\">\n\t\t\t\t  <img decoding=\"async\" width=\"1170\" height=\"700\" src=\"https:\/\/kazanci.com.tr\/wp-content\/uploads\/2014\/09\/cd_1.jpg\" class=\"attachment-full size-full wp-post-image\" alt=\"\" \/><div class=\"fusion-rollover\">\n\t<div class=\"fusion-rollover-content\">\n\n\t\t\t\t\t\t\t\t\t\t\t\t\t\t<a class=\"fusion-rollover-link\" href=\"https:\/\/kazanci.com.tr\/?avada_portfolio=duis-imperdiet-malis\">Duis Imperdiet Malis<\/a>\n\t\t\t\n\t\t\t\t\t\t\t\t\t\t\t\t\t\t\n\t\t\t\t\t\t\t\t\n\t\t\t\t\t\t\t\t\t\t\t\t\t<div class=\"fusion-rollover-sep\"><\/div>\n\t\t\t\t\n\t\t\t\t\t\t\t\t\t\t\t\t\t\t\t\t\t\t<a class=\"fusion-rollover-gallery\" href=\"https:\/\/kazanci.com.tr\/wp-content\/uploads\/2014\/09\/cd_1.jpg\" data-id=\"10855\" data-rel=\"iLightbox[gallery-rw-1]\" data-title=\"cd_1\" data-caption=\"\">\n\t\t\t\t\t\tGallery\t\t\t\t\t<\/a>\n\t\t\t\t\t\t\t\t\t\t\t\t\t\t\n\t\t\n\t\t\t\t\t\t\t\t\t\t\t\t<h4 class=\"fusion-rollover-title\">\n\t\t\t\t\t<a class=\"fusion-rollover-title-link\" href=\"https:\/\/kazanci.com.tr\/?avada_portfolio=duis-imperdiet-malis\">\n\t\t\t\t\t\tDuis Imperdiet Malis\t\t\t\t\t<\/a>\n\t\t\t\t<\/h4>\n\t\t\t\n\t\t\t\t\t\t\t\t\t\t<div class=\"fusion-rollover-categories\"><a href=\"https:\/\/kazanci.com.tr\/?portfolio_category=branding\" rel=\"tag\">Branding<\/a>, <a href=\"https:\/\/kazanci.com.tr\/?portfolio_category=graphic-design\" rel=\"tag\">Design<\/a>, <a href=\"https:\/\/kazanci.com.tr\/?portfolio_category=mobile\" rel=\"tag\">Mobile<\/a><\/div>\t\t\t\t\t\n\t\t\n\t\t\t\t\t\t<a class=\"fusion-link-wrapper\" href=\"https:\/\/kazanci.com.tr\/?avada_portfolio=duis-imperdiet-malis\" aria-label=\"Duis Imperdiet Malis\"><\/a>\n\t<\/div>\n<\/div>\n<\/div>\n<\/div><\/article><article id=\"portfolio-1-post-10857\" class=\"fusion-portfolio-post branding graphic-design mobile wordpress-2 fusion-col-spacing post-10857\"><div class=\"fusion-portfolio-content-wrapper\" style=\"border:none;\"><span class=\"entry-title rich-snippet-hidden\">Non Mattis Tortor<\/span><span class=\"vcard rich-snippet-hidden\"><span class=\"fn\"><a href=\"https:\/\/kazanci.com.tr\/?author=1\" title=\"wpadmin taraf\u0131ndan yaz\u0131lan yaz\u0131lar\" rel=\"author\">wpadmin<\/a><\/span><\/span><span class=\"updated rich-snippet-hidden\">2014-09-10T18:34:31+00:00<\/span><div  class=\"fusion-image-wrapper\" aria-haspopup=\"true\">\n\t\t\t\t  <img decoding=\"async\" width=\"1170\" height=\"700\" src=\"https:\/\/kazanci.com.tr\/wp-content\/uploads\/2014\/09\/iwatch_1.jpg\" class=\"attachment-full size-full wp-post-image\" alt=\"\" \/><div class=\"fusion-rollover\">\n\t<div class=\"fusion-rollover-content\">\n\n\t\t\t\t\t\t\t\t\t\t\t\t\t\t<a class=\"fusion-rollover-link\" href=\"https:\/\/kazanci.com.tr\/?avada_portfolio=non-mattis-tortor\">Non Mattis Tortor<\/a>\n\t\t\t\n\t\t\t\t\t\t\t\t\t\t\t\t\t\t\n\t\t\t\t\t\t\t\t\n\t\t\t\t\t\t\t\t\t\t\t\t\t<div class=\"fusion-rollover-sep\"><\/div>\n\t\t\t\t\n\t\t\t\t\t\t\t\t\t\t\t\t\t\t\t\t\t\t<a class=\"fusion-rollover-gallery\" href=\"https:\/\/kazanci.com.tr\/wp-content\/uploads\/2014\/09\/iwatch_1.jpg\" data-id=\"10857\" data-rel=\"iLightbox[gallery-rw-1]\" data-title=\"iwatch_1\" data-caption=\"\">\n\t\t\t\t\t\tGallery\t\t\t\t\t<\/a>\n\t\t\t\t\t\t\t\t\t\t\t\t\t\t\n\t\t\n\t\t\t\t\t\t\t\t\t\t\t\t<h4 class=\"fusion-rollover-title\">\n\t\t\t\t\t<a class=\"fusion-rollover-title-link\" href=\"https:\/\/kazanci.com.tr\/?avada_portfolio=non-mattis-tortor\">\n\t\t\t\t\t\tNon Mattis Tortor\t\t\t\t\t<\/a>\n\t\t\t\t<\/h4>\n\t\t\t\n\t\t\t\t\t\t\t\t\t\t<div class=\"fusion-rollover-categories\"><a href=\"https:\/\/kazanci.com.tr\/?portfolio_category=branding\" rel=\"tag\">Branding<\/a>, <a href=\"https:\/\/kazanci.com.tr\/?portfolio_category=graphic-design\" rel=\"tag\">Design<\/a>, <a href=\"https:\/\/kazanci.com.tr\/?portfolio_category=mobile\" rel=\"tag\">Mobile<\/a>, <a href=\"https:\/\/kazanci.com.tr\/?portfolio_category=wordpress-2\" rel=\"tag\">WordPress<\/a><\/div>\t\t\t\t\t\n\t\t\n\t\t\t\t\t\t<a class=\"fusion-link-wrapper\" href=\"https:\/\/kazanci.com.tr\/?avada_portfolio=non-mattis-tortor\" aria-label=\"Non Mattis Tortor\"><\/a>\n\t<\/div>\n<\/div>\n<\/div>\n<\/div><\/article><article id=\"portfolio-1-post-10859\" class=\"fusion-portfolio-post branding graphic-design mobile wordpress-2 fusion-col-spacing post-10859\"><div class=\"fusion-portfolio-content-wrapper\" style=\"border:none;\"><span class=\"entry-title rich-snippet-hidden\">Faucibus Tellus<\/span><span class=\"vcard rich-snippet-hidden\"><span class=\"fn\"><a href=\"https:\/\/kazanci.com.tr\/?author=1\" title=\"wpadmin taraf\u0131ndan yaz\u0131lan yaz\u0131lar\" rel=\"author\">wpadmin<\/a><\/span><\/span><span class=\"updated rich-snippet-hidden\">2014-09-10T18:34:29+00:00<\/span><div  class=\"fusion-image-wrapper\" aria-haspopup=\"true\">\n\t\t\t\t  <img decoding=\"async\" width=\"1170\" height=\"700\" src=\"https:\/\/kazanci.com.tr\/wp-content\/uploads\/2014\/09\/papercards.jpg\" class=\"attachment-full size-full wp-post-image\" alt=\"\" \/><div class=\"fusion-rollover\">\n\t<div class=\"fusion-rollover-content\">\n\n\t\t\t\t\t\t\t\t\t\t\t\t\t\t<a class=\"fusion-rollover-link\" href=\"https:\/\/kazanci.com.tr\/?avada_portfolio=faucibus-tellus\">Faucibus Tellus<\/a>\n\t\t\t\n\t\t\t\t\t\t\t\t\t\t\t\t\t\t\n\t\t\t\t\t\t\t\t\n\t\t\t\t\t\t\t\t\t\t\t\t\t<div class=\"fusion-rollover-sep\"><\/div>\n\t\t\t\t\n\t\t\t\t\t\t\t\t\t\t\t\t\t\t\t\t\t\t<a class=\"fusion-rollover-gallery\" href=\"https:\/\/kazanci.com.tr\/wp-content\/uploads\/2014\/09\/papercards.jpg\" data-id=\"10859\" data-rel=\"iLightbox[gallery-rw-1]\" data-title=\"papercards\" data-caption=\"\">\n\t\t\t\t\t\tGallery\t\t\t\t\t<\/a>\n\t\t\t\t\t\t\t\t\t\t\t\t\t\t\n\t\t\n\t\t\t\t\t\t\t\t\t\t\t\t<h4 class=\"fusion-rollover-title\">\n\t\t\t\t\t<a class=\"fusion-rollover-title-link\" href=\"https:\/\/kazanci.com.tr\/?avada_portfolio=faucibus-tellus\">\n\t\t\t\t\t\tFaucibus Tellus\t\t\t\t\t<\/a>\n\t\t\t\t<\/h4>\n\t\t\t\n\t\t\t\t\t\t\t\t\t\t<div class=\"fusion-rollover-categories\"><a href=\"https:\/\/kazanci.com.tr\/?portfolio_category=branding\" rel=\"tag\">Branding<\/a>, <a href=\"https:\/\/kazanci.com.tr\/?portfolio_category=graphic-design\" rel=\"tag\">Design<\/a>, <a href=\"https:\/\/kazanci.com.tr\/?portfolio_category=mobile\" rel=\"tag\">Mobile<\/a>, <a href=\"https:\/\/kazanci.com.tr\/?portfolio_category=wordpress-2\" rel=\"tag\">WordPress<\/a><\/div>\t\t\t\t\t\n\t\t\n\t\t\t\t\t\t<a class=\"fusion-link-wrapper\" href=\"https:\/\/kazanci.com.tr\/?avada_portfolio=faucibus-tellus\" aria-label=\"Faucibus Tellus\"><\/a>\n\t<\/div>\n<\/div>\n<\/div>\n<\/div><\/article><\/div><\/div><div class=\"fusion-clearfix\"><\/div><\/div><\/div><\/div><\/div>\n","protected":false},"excerpt":{"rendered":"","protected":false},"author":1,"featured_media":0,"parent":0,"menu_order":0,"comment_status":"open","ping_status":"open","template":"100-width.php","meta":{"_monsterinsights_skip_tracking":false,"_monsterinsights_sitenote_active":false,"_monsterinsights_sitenote_note":"","_monsterinsights_sitenote_category":0,"footnotes":""},"class_list":["post-10885","page","type-page","status-publish","hentry"],"_links":{"self":[{"href":"https:\/\/kazanci.com.tr\/index.php?rest_route=\/wp\/v2\/pages\/10885","targetHints":{"allow":["GET"]}}],"collection":[{"href":"https:\/\/kazanci.com.tr\/index.php?rest_route=\/wp\/v2\/pages"}],"about":[{"href":"https:\/\/kazanci.com.tr\/index.php?rest_route=\/wp\/v2\/types\/page"}],"author":[{"embeddable":true,"href":"https:\/\/kazanci.com.tr\/index.php?rest_route=\/wp\/v2\/users\/1"}],"replies":[{"embeddable":true,"href":"https:\/\/kazanci.com.tr\/index.php?rest_route=%2Fwp%2Fv2%2Fcomments&post=10885"}],"version-history":[{"count":1,"href":"https:\/\/kazanci.com.tr\/index.php?rest_route=\/wp\/v2\/pages\/10885\/revisions"}],"predecessor-version":[{"id":13277,"href":"https:\/\/kazanci.com.tr\/index.php?rest_route=\/wp\/v2\/pages\/10885\/revisions\/13277"}],"wp:attachment":[{"href":"https:\/\/kazanci.com.tr\/index.php?rest_route=%2Fwp%2Fv2%2Fmedia&parent=10885"}],"curies":[{"name":"wp","href":"https:\/\/api.w.org\/{rel}","templated":true}]}}